u) be the third derivative of 2/3*u**3 + 0*u + 4*u**2 + 1/24*u**4 + 1/60*u**5 + 0. What is a(0)?
4
Let y(z) be the second derivative of 2*z**3/3 - 2*z**2 + 7*z. Determine y(3).
8
Let l(r) = r. Let a be 3*(-4)/12*-2. Calculate l(a).
2
Let c(f) = -6*f**3 + 7*f - 8. Let a(y) = 7*y**3 + y**2 - 7*y + 8. Let b(d) = -5*a(d) - 6*c(d). Suppose r = 4 + 2. Give b(r).
2
Let f = -5 + 4. Let b be f/3 - 10/(-30). Let c(y) = y + 5. Determine c(b).
5
Let u(q) = -7*q - 4 + 10 + 6*q**3 - 7*q**3 - 7*q**2. What is u(-6)?
12
Let m(x) = x**2 + 3*x + 1. Suppose 2*b - 26 + 34 = 0. What is m(b)?
5
Let x(q) = -5*q - 3 + 0*q**2 - q**2 + 1. Suppose 0 = 7*t + 77 - 49. Determine x(t).
2
Let q = 6 + -11. Let a = 10 + -9. Let h(z) = -2*z**2 - z**2 - 2*z**2 + 6*z**2 + 6*z + a. What is h(q)?
-4
Let d(s) = 5*s**2 - 4*s + 3. Let o be ((-27)/18)/(-1 + (-1)/(-4)). Determine d(o).
15
Let p be (1/6)/(1/18). Let i(l) = 3*l**2 - 2*l - 2. Determine i(p).
19
Suppose 5*q - 4 = u, -q = -u - 0*u. Let h(x) = q + 1 - x - 2. What is h(-4)?
4
Let o(n) = 2 - 3*n + 0*n**2 + 2 + n**3 - 3*n**2. Suppose -4*y - 11 = -31. Suppose -31 = -y*l + 4*s, 4*l - s = 3*l + 7. Give o(l).
-5
Let j = -7 + 10. Let o(d) = -2 + 9*d - 13*d + j. Let v(i) = -i**3 - 6*i**2 - 4*i + 4. Let c be v(-5). What is o(c)?
5
Let t(n) = 2*n**2 - 20*n - 2. Let o(j) = 3*j**2 - 30*j - 3. Let f(k) = -5*o(k) + 7*t(k). Calculate f(9).
10
Let u(x) be the third derivative of -x**6/120 + 11*x**5/60 - 5*x**4/12 + 5*x**3/6 - 17*x**2. Give u(10).
5
Let k(l) be the third derivative of -l**5/120 - 5*l**4/24 + l**3/3 + 3*l**2. Let j(v) be the first derivative of k(v). Give j(5).
-10
Let m = -5 - -7. Let g = m - 4. Let c(p) be the third derivative of -p**6/120 - p**5/60 - p**4/6 - p**3/2 + 4*p**2. Give c(g).
9
Suppose -s - 15 + 9 = 0. Let n(l) = l + 5. Determine n(s).
-1
Suppose a - 4*a = 0. Let j(g) = a*g**2 - 4*g**2 + g**2 + g**3 - 3*g + 1. Let t(n) = -n**2 + 8*n + 3. Let q be t(8). What is j(q)?
-8
Let s(w) = w**3 + w**2 - w. Let d = 7 - 2. Let u be 11/d + 2/(-10). Let n be (-3)/u*(-4)/6. Determine s(n).
1
Suppose 6 = 13*z - 33. Let j(c) be the second derivative of 1/3*c**z - 4*c - 1/2*c**2 - 1/4*c**4 + 0. Calculate j(1).
-2
Let q = 5 + -2. Let d(n) = n + n + 3 - q*n. Determine d(3).
0
Let n(d) = 4*d - 2*d + 138 - 139 - d. Let g be (1 + 0)*(-4 - 1). Determine n(g).
-6
Let y(b) be the second derivative of b**3 + 3*b**2/2 + 7*b. Let p(i) = -i**2 - 3*i + 2. Let z be p(-4). Calculate y(z).
-9
Let q(u) be the second derivative of 2*u**4/3 - u. Suppose -3*m + 32 = 4*j + m, -2*m - 8 = -4*j. Let b = j + -3. Calculate q(b).
8
Let k(y) = -4. Let j(h) = h - 44. Let z(r) = -4*j(r) + 44*k(r). Let b = 6 - 4. Calculate z(b).
-8
Suppose 5*c - d + 6 = 0, -2*d - 5 = 3. Let b(l) = -l**2 + l + 1. Determine b(c).
-5
Let y(s) = 2*s**2 + s. Let j be 1/(-2)*(1 + -1). Let m be (-96)/(-9) - 2/3. Suppose -m = 5*h, 5*h = -j*g + 3*g - 7. Calculate y(g).
1
Suppose -2 = 2*m + 2. Let f be (m/(-4))/(4/(-8)). Let t(j) = 2*j. What is t(f)?
-2
Let n(v) = -v**3 + v + 1. Let c(x) = -6*x**3 + 5*x**2 + 6*x + 8. Let u(g) = c(g) - 5*n(g). Calculate u(5).
8
Suppose -1 = 3*p - 2*p. Let d(l) = -2 - l + 3*l + 0. Let f(u) = -u. Let m(x) = p*f(x) + d(x). Determine m(3).
7
Let w(c) be the third derivative of c**5/60 + 5*c**4/24 - 2*c**3/3 - 20*c**2. Calculate w(3).
20
Let i(o) = -3 - 13*o + 11*o + 5. What is i(-3)?
8
Let r(y) = y - 3 + 2*y - y**2 + y. Calculate r(2).
1
Let n be (-56)/(-5) - 2/10. Suppose -5*m + 5*q = 4 + n, -5*q - 5 = 0. Let l(f) = f + 2. Let t(w) = 4*w + 6. Let x(r) = 7*l(r) - 2*t(r). Calculate x(m).
6
Suppose n + 3 = 2. Let o(a) = 14*a**2 + 2*a + 1. What is o(n)?
13
Let f(r) = -r**3 + 5*r**2 + 7*r + 10. Let o(h) = h**3 - 5*h**2 - 8*h - 11. Let w(s) = -7*f(s) - 6*o(s). Determine w(5).
-9
Let c(y) = y**3 - 4*y**2 + 4*y - 5. Let v(l) = 3*l**3 - 8*l**2 + 9*l - 9. Let d(i) = -5*c(i) + 2*v(i). Let g(k) = -k + 4. Let b be g(9). Determine d(b).
-8
Let g = 124 + -121. Let a(y) be the second derivative of 5/2*y**2 + 0 - 4*y - 1/6*y**g. Give a(3).
2
Let n = -4 - -6. Let t be n/((-2)/1) + 0. Let y(p) = 2*p**2 - 3 - p**2 + 2. Give y(t).
0
Let w be 1/4 - 17/4. Let a = w + 3. Let k(s) be the third derivative of s**5/20 - 3*s**2. What is k(a)?
3
Let v(z) = z**2 + z + 1. Let m(c) = c**2 - 5*c + 4. Let n be m(5). Suppose 5*a - 16 = -1. Suppose -q = 2*u + 1, -5*u + a = q + n. Give v(u).
1
Let h = 4 - 6. Let v(o) = o**2 + 2*o - 2. Determine v(h).
-2
Let p(w) = 7*w - 3*w + w**3 - 3*w + 5. Let a be p(0). Suppose -a*r + 15 = 5*d, -2*d + 7 = 5*r + d. Let n(x) = 2*x**2 - x. Give n(r).
3
Let w be 2/2 + 1/1. Let f(n) = -9*n**2 + 0*n**2 + 0 + 3*n**2 + w*n + 1. Determine f(-1).
-7
Let p(l) = 24 - 48 + 26 - 5*l + 3*l. Give p(4).
-6
Let x(l) = -4*l + 7*l + 2 + 0*l. What is x(-3)?
-7
Let a(k) be the third derivative of -k**8/1344 - k**7/2520 + k**4/12 - k**2. Let l(f) be the second derivative of a(f). Determine l(-1).
4
Let p(d) = -2*d + 4. Let s(v) be the second derivative of -v**3/6 - v**2/2 - 3*v. Let f(j) = -p(j) - 3*s(j). Give f(-1).
-6
Let j(v) = -4*v + 4. Suppose 0 = -10*a + 5*a + 60. Suppose -3*f - 2*u = -16, f + 2*u = -f + a. What is j(f)?
-12
Let g(b) = -3*b**2 + 2*b + 1. Suppose -3*z + 7 = -11. Suppose -z*h + h - 5 = 0. Determine g(h).
-4
Let a = 4 - -1. Suppose -9 = a*m + 4*j + 7, -4*m + 8 = -2*j. Let n(x) = m*x - x - 1 - 1. What is n(-5)?
3
Let x(y) = 0*y - y - 3*y - 1 + 0. Give x(1).
-5
Let y(f) = -3*f - 4. Let d be y(-3). Let m(o) = -o - 1. Let t be m(d). Let c(b) = -b**2 - 5*b + 4. What is c(t)?
-2
Let v(q) = -3 - 6*q**3 + 5*q - 4*q**3 + 9*q**3 + 4*q**2 - 1. Give v(4).
16
Let t(q) = q**3 - 6*q**2 + q + 3. Suppose 4*o - 2*a = 15 + 5, -3*a + 12 = o. What is t(o)?
9
Let w(m) = -m + 6. Let y(q) be the first derivative of q**4/4 + 4*q**3/3 - 3*q**2 - 5*q + 6. Let u be y(-5). Determine w(u).
6
Suppose 0 = 5*w - h - 10 - 1, w + 2*h - 11 = 0. Let j(n) be the first derivative of 2/3*n**3 + 3*n - 1/4*n**4 + 1/2*n**2 - 3. Calculate j(w).
-3
Let u(l) = 12*l**3 - 7*l**2 + 1. Let b be 1 - -1*(3 - 10). Let g(s) = -s**3 + s**2. Let d(r) = b*g(r) - u(r). Calculate d(-1).
6
Let r(k) = -2*k**2 - 2*k. Let x be r(-2). Let u = 7 + x. Let h(p) be the second derivative of -p**4/12 + p**3/6 + 3*p**2/2 - p. What is h(u)?
-3
Let y be 2 - ((-3 - -4) + -1). Let b(r) be the second derivative of 0 - 1/20*r**5 - 1/4*r**4 + 1/2*r**y - 2*r - 1/6*r**3. Determine b(-3).
4
Let a(c) = -2*c - 2. Suppose 5*b - 22 = w, 4*w - 6*w + 5*b = 24. Determine a(w).
2
Suppose -3*l = -17 - 1. Suppose -m + l = m. Let r(b) = -m - b + 1 + 0*b. Give r(-3).
1
Let p(h) = -h**3 - 12*h**2 - h - 9. Let b be p(-12). Let r(d) = -3*d + 3*d**3 + 0*d**b + 0*d**3 + 3*d**2 + 3 - 5*d**3. What is r(2)?
-7
Suppose -6*t + t - 13 = -2*i, 0 = -2*t - 2. Let r(g) = -i + g**2 + 10*g - 10*g. Calculate r(-3).
5
Let h be (-1 + 6/4)*-2. Let m(l) = 7*l + 1. Let w be m(h). Let j(q) = q + 5 - 9 + 8. Give j(w).
-2
Let q be (-2)/(2 - (-10)/(-4)). Let k be (-14)/(-3) - q/(-12). Let m(r) = -r**3 + 5*r**2 + r. Give m(k).
5
Let u(a) be the third derivative of a**5/60 - a**4/6 - 3*a**3/2 + 14*a**2. What is u(7)?
12
Let h(q) be the first derivative of 1/2*q**2 + 2 - 1/3*q**3 + q - 3/4*q**4. Calculate h(-1).
2
Let b(m) = -m**3 - m**2 + m + 3. Let w be (-1)/((-12)/(-15) + -1). Suppose 3*a + 11 = 2*d - 0*a, -w*d = a - 19. Let i = -4 + d. What is b(i)?
3
Suppose 2 = -4*c + 10. Let u(z) = -2*z - 1 + 3*z + c*z - 2*z. Let q = 9 - 4. Give u(q).
4
Let o be (2/(-6))/((-5)/90). Let h(z) = -z**3 + 7*z**2 - 5*z - 4. What is h(o)?
2
Let u(g) = -2*g - 4. Let j(o) = -o - 3. Let y(n) = 3*j(n) - 2*u(n). Let a(s) = 2*s - 6. Let i(q) = -a(q) + 3*y(q). Calculate i(-5).
-2
Let l(b) = -b**2 - b - 12. Suppose 7*m + 2*m = 3*m. Determine l(m).
-12
Let j(y) = -7*y. Let h(l) = 2*l. Let c(x) = -4*h(x) - 2*j(x). Calculate c(2).
12
Let l be (-3)/(-14) - 6/(-21). Let c(w) be the second derivative of 1/20*w**5 + 0 - l*w**2 + 2*w + 1/6*w**4 + 1/3*w**3. Calculate c(-2).
-5
Let s be ((-4)/(-8))/((-2)/(-8)). Let r = -1 + s. Suppose 2*d = -5*u + r, -4*d - 5 = -3*u - 3*d. Let b(l) = -7*l**2 + 1. Give b(u).
-6
Let y(u) be the first derivative of 2*u**3/3 + u**2/2 + 3*u - 5. Let q(p) be the first derivative of y(p). Determine q(2).
9
Suppose -r - 7 = -3*f, -4*f = -3*r - 10 - 1. Suppose -z - 8 = -0*b + 2*b, 4*z + 3*